) = 5*v**2 + 7*v - 1. Let l(p) = -6*p**2 - 8*p + 2. Let i(n) = j*x(n) + 6*l(n). What is i(4)?
-7
Let d(l) be the first derivative of l**3 - l**2 - 10*l - 144. Calculate d(-2).
6
Let g(y) be the first derivative of y**4/4 + 4*y**3 + 13*y**2/2 + 10*y + 358. What is g(-11)?
-12
Let m(p) = p**3 + 13 - 15*p**2 + 219*p + 6 - 207*p. Calculate m(14).
-9
Let p(k) = k**2 - 5*k + 9. Let v(z) = -z**2 + 4*z - 9. Let l(i) = 5*p(i) + 6*v(i). Calculate l(0).
-9
Suppose 4*m - 6 = 2*a, -4*a + m + 150 = 134. Let r(u) = -6*u + 2 + 1 + u**2 + 0. Determine r(a).
-2
Let f be (2 - 9)*4/(-14). Let w(v) = -4*v**3 + 5*v**3 - f*v**2 + v + 2*v**2 - 6. Suppose 2*c - 4*x + x = 9, -4*c - 2*x - 6 = 0. What is w(c)?
-6
Let b be -2 - (-1 + -1) - -20. Let w = b + -8. Let d(v) = 8*v - 3 + 1 - w*v. Determine d(-2).
6
Suppose 3 = 2*x - 3*v, -5*x + 2*v + 3 = -4*x. Let a = x - -6. Let g(r) be the third derivative of r**4/12 - r**3/6 + 6*r**2 + 2. Determine g(a).
5
Let y(i) be the second derivative of -i**5/24 - i**4/24 - 5*i**3/6 + 6*i. Let l(q) be the second derivative of y(q). Determine l(-1).
4
Let r(t) = t + 15. Let d(b) = -1. Let q(f) = -4*d(f) - r(f). Calculate q(-9).
-2
Let d(o) be the third derivative of -o**6/120 + 7*o**5/20 - 5*o**4/6 + 5*o**3/6 - 264*o**2. Give d(20).
5
Let p(b) = b**3 - 6*b**2 - b + 9. Suppose 0*z - 36 = -4*z. Let f(y) = -4*y**3 + 25*y**2 + 3*y - 37. Let r(s) = z*p(s) + 2*f(s). Calculate r(5).
17
Let r(s) = s**2 - 4*s + 5. Let y be (-2 - 2)/(3 + -3 + -1). What is r(y)?
5
Let h(d) = 2*d - 6. Let q = 53 + -45. Let o(u) = u**3 - 9*u**2 + 11*u - 18. Let a be o(q). Calculate h(a).
6
Let j(l) = l - 11. Let f(m) = 6*m - 39 - 12 - 4. Let s(d) = -2*f(d) + 11*j(d). What is s(0)?
-11
Let h(j) be the second derivative of -j**4/12 - j**3 - 5*j**2/2 + j. Let o be 1 - -102*(-3)/(-6). Let x = -56 + o. Determine h(x).
3
Let y(w) be the second derivative of -w**6/240 - w**5/60 - w**4/12 + w**3/3 - 2*w + 19. Let h(b) be the third derivative of y(b). Determine h(-3).
7
Let n(t) = 3*t - 1. Suppose -2551*f = -2557*f + 78. Determine n(f).
38
Suppose 0 = 4*t + 4*z - 20, -3*t - z = z - 12. Let n(b) = b**3 - 5*b**t + 15*b**2 - 6 - 6*b**2 - 4*b. What is n(-5)?
-11
Let o(d) be the first derivative of d**4/4 - 7*d**3/3 - 4*d**2 + 9*d + 78. Calculate o(8).
9
Let i(f) be the third derivative of f**4/24 + 13*f**3/6 + 27*f**2. Let m = -2 + -5. Calculate i(m).
6
Let y(w) be the third derivative of w**5/20 + w**4/12 - w**3/3 + 12*w**2 + 7*w. Calculate y(-2).
6
Let f(o) = -7*o + 160. Let p be f(22). Let y(n) = -n + 4*n + 3 - 5*n. What is y(p)?
-9
Let s be 14 + 559/143 - (-2)/22. Let j(b) = b - 10. Calculate j(s).
8
Let g(y) = -y**3 + 2*y**2 - 3*y + 4. Let j be -5 - ((-128)/64 - (5 - -1)). Give g(j).
-14
Let c(b) = -5*b**2 + b - 1. Let r(v) = v**2 + 2*v + 1. Let s be r(-2). Suppose s = 4*y - 3. Let m(d) = -d**2 + 2*d. Let k be m(y). What is c(k)?
-5
Let l(x) = -x**3 - 8*x**2 - 57*x - 272. Let a be l(-6). Let t(b) = 8*b + 6. What is t(a)?
-10
Let h(v) = v**3 - 9*v**2 + 8*v + 3. Let i be h(8). Suppose -i*l - 5*f = -4, f - 1 = -l - f. Let c(g) = -5 - l*g + 2*g + 3 - 2. Calculate c(-3).
-1
Let u(g) = -10*g + 13. Suppose -10*j - 10 = -30. Give u(j).
-7
Let z(o) = -4*o**2 + 2*o + 2. Suppose 5*d + u = 3*d - 6, d - 2*u = 7. Give z(d).
-4
Let z(c) be the third derivative of c**7/2520 - c**6/80 + 13*c**5/60 + 7*c**2. Let r(k) be the third derivative of z(k). Determine r(6).
3
Let i(r) = 2*r**2 + 7*r - 13. Let f(l) = 3*l**2 + 11*l - 18. Let t(j) = -5*f(j) + 7*i(j). Calculate t(-6).
-1
Let h(v) = -9*v - 5. Let p(l) = 8*l + 5. Let y(x) = -5*h(x) - 6*p(x). Let a be (-6)/(-21) + -2 + (-32)/14. Calculate y(a).
7
Suppose 3*g - 28 = 2. Suppose k + 5 = g. Let i(l) = -l**3 + 5*l**2 - 2*l + 1. Calculate i(k).
-9
Let s be (-6)/18 + (-25)/(-3). Suppose 2*d - s = -2. Suppose d*u - 2*u = -o - 1, o - 11 = 3*u. Let b(n) = 2*n**3 - 2*n**2 - n - 1. What is b(o)?
5
Let d(u) = u**2 + 13*u + 10. Suppose 2*f = -13 - 11. Let s be d(f). Let k(i) = -2*i**3 - 2*i**2 - 2. Let t be k(s). Let b(p) = -p**2 + 6*p + 1. Calculate b(t).
1
Let f(n) = -n**3 + 5*n**2 - 4*n + 2. Let c be 1*(5 + -2) - 3. Suppose c = -4*u - 0*u + 12. Suppose -u*i + 9 = -5*x, 4*x - 26 = -5*i - 11. Give f(i).
8
Let b = -5 - -15. Let q(l) = 2*l**2 + 9*l + b - 4*l**2 + l**2 - 18. Determine q(6).
10
Let q(r) = r**3 + 4*r**2 - r - 3. Suppose -4*i - 6 = -2*i, 3 = -4*t + 3*i. Determine q(t).
9
Let q(u) be the third derivative of -u**4/12 + 5*u**3/6 - u**2. Let s(o) = o**3 - 23*o**2 - 47*o - 80. Let m be s(25). Calculate q(m).
15
Let s(z) = 1. Let x(w) = -2. Let m(o) = s(o) + x(o). Let v(d) = d - 1. Let g(l) = -m(l) + v(l). What is g(-1)?
-1
Suppose -2*u + 5 = n, -4 = -5*u + 1. Suppose -5*i + 4*z - 8 - 10 = 0, 4*z = -n*i - 30. Let s(j) = j**2 + 2*j - 7. Determine s(i).
17
Let l(m) = -m - 7. Let o be l(0). Let k(g) = 4 + g - 4 - 9*g - 8 - g**2. Determine k(o).
-1
Let c(r) = r**3 + 4*r**2 - 3*r - 2. Let p be 4 + 3/(-2)*6. Give c(p).
-12
Let x(h) be the first derivative of -h**4/24 - 4*h**3/3 - 19*h**2/2 - h + 45. Let u(q) be the second derivative of x(q). Calculate u(-6).
-2
Suppose 11*s = 7*s + 16. Let p(w) = -w. Let h(j) = 3*j - 2. Let x(a) = 3*h(a) + 6*p(a). Calculate x(s).
6
Let i(k) be the second derivative of k**4/12 - k**3 - 4*k**2 + k. Let w(l) = -25*l - 369. Let m be w(-15). Determine i(m).
-8
Let n(k) be the third derivative of k**5/60 - k**4/3 + k**3/2 - 21*k**2. Suppose 0 = -5*d - 22 + 57. Give n(d).
-4
Suppose -5*b - 48 = -7*b. Let m(f) = -678 + 678 + b*f. Give m(1).
24
Let t(w) = -3*w - 2. Let n be (-15)/(-3)*(2 - (4 + -3)). What is t(n)?
-17
Let r(y) = 2*y - 12. Let q = 15 + -9. Let a be r(q). Let s(f) = -f - 8. Determine s(a).
-8
Let x(d) be the second derivative of -d**4 + d**3/3 + d**2/2 + 199*d. Give x(-2).
-51
Let x(r) = -r**3 - 5*r**2 - 9. Suppose -7 = -3*o - 22. Determine x(o).
-9
Suppose -24 + 0 = -2*j. Suppose 23*x - 27*x + j = 0. Let i(n) = n**3 + n**2. Let y(u) = 3*u**3 - 2*u**2 + 4*u - 1. Let l(v) = -2*i(v) + y(v). Determine l(x).
2
Let x = -4 - -6. Let l(n) = 5*n**3 - 6*n**2 + 8*n - 3. Let q(o) = -14*o**3 + 17*o**2 - 23*o + 9. Let w(c) = 17*l(c) + 6*q(c). Calculate w(x).
7
Let p(x) = 0*x + 3*x + x**3 - 8337*x**2 + 8338*x**2 + 3. Calculate p(-2).
-7
Let h(z) be the second derivative of -1/12*z**4 - 13*z + 0 - 4*z**2 + 7/6*z**3. Give h(7).
-8
Let y(s) be the first derivative of s**2 + 5*s + 77. Suppose -3*l - 24 = -4*l. Suppose -4*z - 24 = 3*o - 4*o, 4*z - 5*o + l = 0. Give y(z).
-7
Let v(z) = 3*z**2 + 5*z - 25. Let a be v(-4). Let s(l) = -l**3 + 3*l**2 + 2*l + 4. Determine s(a).
10
Let j = 204 - 200. Let l(a) = -a**2 + 6*a + 5. Give l(j).
13
Let q(f) = 29*f + 2 - 15*f - 16*f. Let j = -1 - -4. Suppose -3*c + j*l = 18, -c = -6*c - l - 6. Determine q(c).
6
Let n = -233 + 234. Let q(r) = -9*r**3 + 2*r**2 - 2*r. Give q(n).
-9
Let g(w) = w**2 - 3*w + 1. Let a(p) = 2*p**2 - 27*p + 93. Let l be a(7). Give g(l).
-1
Let j(x) = 68 + 46 + 48 + 11*x**2 - 164. Give j(2).
42
Let m(k) be the third derivative of -k**6/120 + 7*k**5/60 - 7*k**4/24 + k**3 - 2*k**2. Let o be (-1344)/(-45) + 4/30. Suppose o = 6*f - 6. Determine m(f).
0
Let q(k) = 78*k - 623. Let g be q(8). Let x(w) = 25*w**3 + w. Calculate x(g).
26
Let u(g) = -6*g - 2. Suppose -269 = 12*o - 221. Calculate u(o).
22
Suppose 0 = 5*v - 2 - 18. Let q(u) = 9*u**2 - 2*u + 6 + 3*u**2 - 11*u**2. Let h(s) = s**2 + 1. Let r(j) = v*h(j) - q(j). Calculate r(2).
14
Suppose 4*q + 24 = -8. Let d(v) = 18*v**2 + 4*v + 1. Let g be d(4). Let c(x) = -151 - x + g - 161. What is c(q)?
1
Let k(n) = n**3 - 5*n**2 - 6*n + 1. Let d(a) = 4*a - 2. Suppose r = -5*s + 13, -5*s - 5 = -3*s - 3*r. Let q be d(s). Calculate k(q).
1
Let p = -25 + 28. Let h(c) = -7*c**2 + 1 - 3 + 8*c**2 - 4*c + p*c. Calculate h(3).
4
Suppose 3 = -c - 2*x, 8*c - 5*c - 3*x - 27 = 0. Let g(v) = -v**2 + 5*v - 2. Determine g(c).
-2
Let o(i) be the first derivative of -i**5/60 - 3*i**4/8 + i**3 + 9*i + 28. Let r(f) be the third derivative of o(f). Give r(-9).
9
Let q(f) = f**2 - 9*f + 15. Let b be q(4). Let i(n) be the first derivative of n**4/4 + 5*n**3/3 + n**2/2 + 4*n - 4. Calculate i(b).
-1
Suppose 0 = -5*t - 6*n + 3*n + 16, 3*n = 2*t + 2. Let m(c) = 11*c - 5*c - c**3 - 15*c + 3 + 8*c**t + 0. Give m(7).
-11
Let a(g) = -4*g**2 + 2*g + 1. Suppose -5*